 = 2260*u + 3275. List the prime factors of s(33).
5, 23, 677
Let u(r) = r + 18. Let h be u(16). Let t = h + -30. Suppose 0 = -3*z, 2*z = t*b - z - 16. List the prime factors of b.
2
What are the prime factors of 20793 + 18/9 + 4 - 4?
5, 4159
Let t = 54370 - 35329. What are the prime factors of t?
3, 11, 577
Let t be 2/4*(-6 - 38). Let u = t - -33. Suppose -4 - u = -5*i. What are the prime factors of i?
3
Let l(t) = -1036*t + 3608. List the prime factors of l(-26).
2, 23, 83
Let k(t) = t**3 + 5*t**2 - 9*t - 14. Suppose -26*p - 6 = -25*p. Let b be k(p). Suppose b*v - 343 - 133 = 3*g, 0 = -v + g + 120. What are the prime factors of v?
2, 29
Let l = -22031 - -47481. What are the prime factors of l?
2, 5, 509
Suppose 82*r = 63*r - 100*r + 7192836. List the prime factors of r.
2, 3, 23, 73
Let c = -3 - -13. Suppose -4*d + 5*s + 276 = s, 0 = 5*s - c. List the prime factors of d.
71
Suppose 4*l - 3*l = 0. Suppose 0 = -2*g - j + 316 + 862, 4*g + 5*j - 2344 = l. Suppose -120 = -z + 2*d, -5*z + 0*d + g = -d. What are the prime factors of z?
2, 59
Let n be (1 + -1)*(16 - (-495)/(-30)). Suppose -3*a = 5*p + 18 - 1124, n = -2*a + 5*p + 754. List the prime factors of a.
2, 3, 31
Let h = -4417 + 6988. List the prime factors of h.
3, 857
Suppose -x + 3*n + 1 = 0, -x + 4*n + 7 - 10 = 0. Suppose 4*i + x*i = 7718. List the prime factors of i.
2, 227
Let s = -1048 - -12633. What are the prime factors of s?
5, 7, 331
Suppose -409 = -3*c + y, -4*c - 5*y + 439 = -c. Let h = 158 - c. What are the prime factors of h?
2, 5
Let w(t) = -38*t**2 + 19*t + 72. Let x be w(-6). What are the prime factors of x/(-8) - (85/20 - 4)?
2, 11
Let n(g) = g + 3871. What are the prime factors of n(-210)?
7, 523
Suppose -2*w - 11318 = -u, 2*u - 57*w = -55*w + 22632. List the prime factors of u.
2, 5657
Let h(j) = 8*j - 5. Let z be h(3). Suppose -44 = -3*d + z. List the prime factors of d.
3, 7
Let m = -14433 - -18559. List the prime factors of m.
2, 2063
Let o(h) = -314*h + 41. Let m be o(4). Let t = m - -2659. List the prime factors of t.
2, 19
Let z = 4862 - -8768. What are the prime factors of z?
2, 5, 29, 47
Let w(o) = -121*o**2 + 5*o - 4. Let c be w(1). What are the prime factors of (c/(-14) - 15/(-35))/1?
3
Suppose -102*j + 30 = -97*j. List the prime factors of j + ((-78)/(-3) - -4).
2, 3
What are the prime factors of (-33)/(73152/(-10448) - -7)?
3, 11, 653
Let v(r) = -16*r**2 - 38*r + 21. Let g(i) = -i + 2. Let y(b) = 6*g(b) - v(b). List the prime factors of y(5).
19, 29
Suppose -3*b + 2156 = 2*j, -13*b + 3*j - 2157 = -16*b. What are the prime factors of b?
2, 359
Let c be (-7 - 0)*(-260)/20. Suppose -3*s - 3311 + c = -5*a, 4*a - 2593 = -s. What are the prime factors of a?
647
Let c be 65/(-2)*32/(-10). Let i be (-3)/7 - 90/(-14). Suppose 0 = -i*l + 280 + c. What are the prime factors of l?
2
Let z = 11540 - 1178. List the prime factors of z.
2, 3, 11, 157
Suppose -4*j + 200*w - 205*w + 108514 = 0, 11*w = 5*j - 135746. List the prime factors of j.
2, 53
Suppose -u + 9 = -5*a, 0*u + 18 = 4*u - 2*a. Suppose -t - t = 10, -u*k - 4*t + 120 = 0. Let d = 66 - k. List the prime factors of d.
31
Let o(s) = 6*s**2 + 19*s + 110. List the prime factors of o(31).
3, 5, 431
Suppose -392*u + 385*u = -33292. What are the prime factors of u?
2, 29, 41
Let m = -603 - 57. Let p = -369 - m. What are the prime factors of p?
3, 97
Suppose 3*t = s + 1 + 16, -4*s + 22 = 3*t. Suppose t*b + 21 = 3. What are the prime factors of (b - 2 - -4)*(-145)/1?
5, 29
Let q(d) = -2651*d - 4310. List the prime factors of q(-6).
2, 13, 223
Let o(m) = 2*m**2 + 35*m + 265. List the prime factors of o(67).
2, 2897
Let r = 31339 - 21900. What are the prime factors of r?
9439
Let z(k) = 5*k + 3*k**2 - 22 + 0*k - 6*k. Let c be z(-10). Suppose 0*b - 4*b + c = 0. What are the prime factors of b?
2, 3
Let m = -27 + 18. Let r be (m - -10)*(59 - -1). Suppose 4*i = 100 + r. What are the prime factors of i?
2, 5
Let u be ((-22)/(-4))/(2/(-4)). Suppose -3036 = -99*g - 33*g. Let r = u + g. List the prime factors of r.
2, 3
Suppose -4*o - 1 = -1. Suppose o = -4*m + 12, 2527 = 3*q + 5*m + 430. Suppose 0 = 2*p + 2*r - 464, 2*p - 5*p - r + q = 0. What are the prime factors of p?
3, 7, 11
Suppose 5*c + 79 - 134 = 0. Suppose 23*d - 9156 = c*d. What are the prime factors of d?
7, 109
Suppose 1057*p - 1067*p = -51123 - 109567. List the prime factors of p.
16069
Suppose 5*q - 27 = 4*v + 3, -q + 27 = -5*v. Suppose -k = p - 11, -2*k - q = -2*p - 0. Let w(g) = 6*g + 18. What are the prime factors of w(p)?
2, 3
Let t be ((-3)/(-1) - 0) + 6936/(-12). Let u = t + 2286. What are the prime factors of u?
29, 59
Let l(w) = 1319*w**2 - 19*w + 50. List the prime factors of l(3).
2, 1483
Let l be 4 - ((-2 - 2484) + 55/11). Let c = -1076 + l. List the prime factors of c.
1409
Let b be 0/((-5)/(20/8)). Suppose 4*v = -0 - b. Suppose v*s - 134 = -2*s. What are the prime factors of s?
67
Suppose -r + 12 - 5 = 0. Suppose 3*q + 4*x - 205 = 0, 0 = -r*q + 2*q + x + 357. Let l = q - 55. What are the prime factors of l?
2
Let q(n) = 45*n + 280. What are the prime factors of q(34)?
2, 5, 181
Suppose -2*c + h + 34 = 2*c, -2*h + 4 = 0. Suppose c*n = 4*n + 4055. List the prime factors of n.
811
Suppose -3*b + 2*s - 114 = 0, -4*b = -39*s + 40*s + 141. Let p(u) = -40*u. Let z be p(-1). Let w = z + b. List the prime factors of w.
2
Suppose -2*l - u = -244, 11*l - 2*u = 13*l - 246. What are the prime factors of l?
11
Let f(p) = -p**2 - 4*p - 1. Let m be f(-5). Let c(l) = -7*l + 21 - 9 - 13 + 2*l - l**3 + 2*l - 6*l**2. What are the prime factors of c(m)?
17
Suppose 2*o = -4*k - 22, -5*o - k = 20 - 1. Let w be (-1 + 37)*(-1)/o. List the prime factors of ((-4)/(64/w))/((-1)/4).
3
Suppose 4*l = 5*m + 5297, 12*l - 7*l - 5*m = 6615. Suppose 0 = 4*z - 5*y - l, -3*y - 59 - 1582 = -5*z. List the prime factors of z.
3, 109
Let x(h) = 2*h**3 - 9*h**2 + 6*h - 8. Let i be x(4). Suppose -4*n + 1185 - 7065 = -4*q, 2*q + 2*n - 2936 = i. List the prime factors of q.
13, 113
Suppose -10 = 4*r - 2*r, 5*m - 45 = 4*r. Suppose 4*f = -3*y - y + 36, -2*f = -m*y + 73. List the prime factors of y.
13
Suppose 3*l = -y + 1, l + 15 = 3*y - 8. Suppose -y*d + 14*d = 1953. What are the prime factors of d?
3, 31
Suppose -4*x + s + 25327 = 0, 3*s + 4008 = 2*x - 8653. List the prime factors of x.
2, 1583
What are the prime factors of 2746 + 9 - (-2 - -3)?
2, 3, 17
Let f(d) = -195 + 39 - 10*d + 11*d + 4*d**2 - 32*d - d**2. What are the prime factors of f(-8)?
2, 71
Let b be (8/24)/((-2)/(-18)). List the prime factors of b/(-1) - (22 + -429).
2, 101
List the prime factors of (-138)/(-18) - 10/(-30) - -26858.
2, 7, 19, 101
Let w = -66 - -72. Suppose 10*f = w*f + 616. Let r = f - 89. What are the prime factors of r?
5, 13
Let c = 7482 - -7202. List the prime factors of c.
2, 3671
Let n(x) = x**3 - 2*x**2 + 1. Let k(d) = -4*d**3 + 4*d**2 + d + 11. Let u(h) = k(h) + 5*n(h). List the prime factors of u(7).
2, 3
Suppose 13*c = 22 + 69. List the prime factors of (c/4)/(2 + (-583)/292).
7, 73
Let b be (36/6 + -3)*2/3. Suppose b*i + 8 = 18. Suppose -c + 10 = -3*t - 18, -i*c = t - 140. What are the prime factors of c?
2, 7
What are the prime factors of (-1)/(-15)*146510340/124?
227, 347
Let k be (10/(-25))/(1/175). Let j be -3 + (1/6 - k/12). Suppose j*t + 1 = 7. What are the prime factors of t?
2
What are the prime factors of 0/(-2) + ((-119480)/(-20) - 12)?
2, 11, 271
Let l = -13 - -16. Let k be -8*(52/(-16) + l). List the prime factors of (-3 + k)/(1/(-37)).
37
Let g be (-9)/3 - 793 - 5/(-1). Let t = g - -1144. What are the prime factors of t?
353
List the prime factors of (6*((-22366)/(-16) - -3))/(129/344).
2, 7, 1601
Let c(g) be the third derivative of -13*g**6/120 - g**5/30 - g**4/8 - g**3/3 - 19*g**2. Let t be c(-1). List the prime factors of 8/t*441/6.
7
Let o be -1 + (0 - -6)*(-5)/(-10). Suppose 5*b = 25, 5*g - b = o*g + 973. List the prime factors of g.
2, 163
Suppose 39 = b + 6*p, 44 + 11 = 5*b + 2*p. List the prime factors of (-99)/6*(672/b)/(-4).
2, 7, 11
Suppose 10*w - 18260 = -12*w. Suppose 6*j - 154 = w. What are the prime factors of j?
2, 41
Let x = -22081 + 47495. What are the prime factors of x?
2, 97, 131
Suppose a = -6 + 17. Suppose 77 = -0*k + a*k. Suppose -2*p = b - k - 9, 4 = 2*p. What are t